-1). Let b(x) be the second derivative of x**4/12 - x**3 + 12*x. What are the prime factors of b(q)?
7
Let t(a) = a**2 + 3*a + 9. Let n be t(-9). Let k be -9*(-7)/(n/30). Suppose 3*f - f = k. List the prime factors of f.
3, 5
Let i(z) = 4*z**2 + z + 1. Let n be i(-1). Let s = 45 + -8. Suppose -s = -n*q - 5. List the prime factors of q.
2
List the prime factors of (-30)/20*(2 - 334/3).
2, 41
Let n be (-9)/(-1*3) - -2. Suppose -2*c + 37 = n*u, 5*u = 3*c - 4 - 14. List the prime factors of c.
11
Let n(l) = l + 5. Let f be n(-3). Suppose -10 = -f*u - 0. List the prime factors of u.
5
Let s be 4*-2*(-2 - -3). Let u be 5/(-20) - 34/s. Suppose -u*l = -6*l + 22. List the prime factors of l.
11
Suppose 4*y - 4*b = 2*y + 68, -4*b = 12. What are the prime factors of y?
2, 7
Suppose 13 = -m + 5. List the prime factors of -27*(m/(-6) - 2).
2, 3
Let k(u) = -u**3 - 4*u**2 + 2*u + 3. Let d be k(-4). Let q = d - 6. Let s = -8 - q. What are the prime factors of s?
3
Suppose m = -4*m + 60. What are the prime factors of (-7)/(2 - 27/m)?
2, 7
Let t = 5 + 25. List the prime factors of t.
2, 3, 5
Let n(c) = 5*c**2 + 11*c + 18. Let j(q) = 2*q**2 + 4*q + 6. Let r(o) = 8*j(o) - 3*n(o). What are the prime factors of r(-6)?
2, 3
Suppose 0 = a - 6*a + 180. Suppose -2*l = -3*k + l + a, -2*l = -5*k + 51. What are the prime factors of k?
3
Let g(w) = 7*w**2 + 2*w - 1. List the prime factors of g(-5).
2, 41
Let j(y) = -y**3 + 6*y**2 - 3*y + 1. Let f be j(6). Let c = -4 + -4. Let n = c - f. List the prime factors of n.
3
Let v = 3 - 9. Let a = v + 8. What are the prime factors of (3/(-3))/(a/(-20))?
2, 5
Let k = 2 - -3. Let w(o) = 11*o**3 - 12*o**2 + 14*o - 6. Let t(r) = 5*r**3 - 6*r**2 + 7*r - 3. Let a(q) = 9*t(q) - 4*w(q). What are the prime factors of a(k)?
7
Let u(t) = -3*t + 2. List the prime factors of u(-2).
2
Suppose 4*l = -2*n + 218, -8*n = -9*n - 5. What are the prime factors of l?
3, 19
Suppose -1 = u + z - 0, 2*z + 10 = 2*u. Let h be 28 - (-3 + 3 + u). Suppose -h = -2*m + 2. List the prime factors of m.
2, 7
Suppose k - 6 = -o, 0*o + o + 5*k - 6 = 0. List the prime factors of o.
2, 3
What are the prime factors of 11/(-2)*-1*(0 + 22)?
11
Suppose t - 15 = -0*t. Suppose -3 - t = -3*g. List the prime factors of g.
2, 3
Let i(k) = -k - 6. Let q be i(-3). List the prime factors of 3/(q*3)*-33.
11
Let q(f) be the second derivative of f**4/6 - f**2/2 + 2*f. Let v(d) be the first derivative of q(d). What are the prime factors of v(2)?
2
Suppose 2*z + 3*c - 102 = -z, 0 = -4*c + 12. Suppose f - p = 2*p + 8, -2*f = -3*p - z. What are the prime factors of f?
23
Let h(k) = -k**2 + 2*k + 21. List the prime factors of h(0).
3, 7
Suppose 3*b - 5*d + 12 = -0*d, 2*b = -d + 5. Let p be (b - 1)/(3 - 1). Suppose 6*x - 10*x + 48 = p. What are the prime factors of x?
2, 3
Let u = -14 + 17. Suppose -u*l = 5*t - 13, t - 5*t - 49 = -3*l. List the prime factors of l.
11
What are the prime factors of 16 + -2 - 2 - 1?
11
Suppose 2*k = 96 + 432. What are the prime factors of k?
2, 3, 11
Suppose -2*w + 10 = 2*a - 4*w, 5*a + 5*w = 65. List the prime factors of a.
3
Let s(i) = 5*i + 4. Let j be s(-2). Let b be 15 + 1 + 0/2. Let c = b + j. What are the prime factors of c?
2, 5
Let u = -91 - -144. What are the prime factors of u?
53
Let m(l) = 25*l + 4. What are the prime factors of m(6)?
2, 7, 11
Suppose -34 = -x + 2. Suppose -x = -0*p - 4*p. What are the prime factors of p?
3
Suppose -2 - 1 = 3*z. Let l(k) = -16*k - 1. List the prime factors of l(z).
3, 5
List the prime factors of (-25)/10*112/(-10).
2, 7
Let y(x) = -x - 13. Let m be y(-10). What are the prime factors of (1 + m - 3)*-3?
3, 5
Let h = 16 + -9. List the prime factors of (3 + 0)*h/3.
7
Let z = -2 + -1. Let k(v) = -2*v**2 - 2*v - 2*v + v**2. What are the prime factors of k(z)?
3
Let r(l) = -2*l**2 + 2*l + 2. Let u be r(2). List the prime factors of u/4 + (-30)/(-4).
7
Let r(u) = -u + 37. What are the prime factors of r(12)?
5
Let a(c) = c**3 + c + 4. Let w be a(0). Let i = 10 + w. List the prime factors of i.
2, 7
Let v(i) = -3*i. Let d be v(-1). Suppose -d*w - x + 2*x = -34, -w + 8 = -x. List the prime factors of w.
13
Let a(x) = 2*x**3 - 4*x**2 + 3*x + 2. Let r be a(3). Suppose 1 = 3*k - r. What are the prime factors of k?
2, 5
What are the prime factors of 10*(1/2 - 357/(-30))?
2, 31
Let r = 4 + -4. Suppose -v - 2*v + 27 = r. List the prime factors of v.
3
Let u = -30 - -151. What are the prime factors of u?
11
Suppose -2*g = -0*g + 6. List the prime factors of 19 + (-3 - g) + -3.
2
Let f(s) = 22*s - 1. Let i be (-10)/(-8) - 2/8. What are the prime factors of f(i)?
3, 7
Let x be (-2)/((8/5)/(-4)). Suppose w + 5*s = -5, w + x*s = -4*w + 35. What are the prime factors of w?
2, 5
Suppose -2*n = -4*h + 1 + 9, 3*n = -2*h + 17. Suppose d = 2*d - h. Suppose 0*u + d = -3*g - 5*u, -g + 4*u = -10. List the prime factors of g.
2
Let v = 69 - 48. What are the prime factors of v?
3, 7
Let r(d) = d**2 + 9*d + 12. Let k be r(-8). Let y(v) = v**2 - 4*v + 9. What are the prime factors of y(k)?
3
Let u be 48 - (1 - 1)/2. Let y = 11 - 11. Suppose 7*o - 4*o - u = y. What are the prime factors of o?
2
Suppose -9 = -0*s - 3*s. What are the prime factors of s?
3
Suppose -5 = -5*f, 0 = 3*d - 2*d + 2*f - 64. What are the prime factors of 4/12 + d/3?
3, 7
Let z(q) be the second derivative of 11*q**3/6 + 2*q. Let b(n) = -n**2 - 3*n - 1. Let j be b(-2). List the prime factors of z(j).
11
Let a be (2 - 0/1)/2. Let m(h) = 24*h**2 + 2*h - 1. What are the prime factors of m(a)?
5
Let b(w) = -18*w + 16. List the prime factors of b(-6).
2, 31
Let g be 9/(3/(-18)*1). Let n = g + 89. List the prime factors of (63/n)/(2/10).
3
Let s = 117 + -56. What are the prime factors of s?
61
Let m(f) = -f**2 + 15*f + 3. What are the prime factors of m(15)?
3
Let d = -67 - -94. What are the prime factors of d?
3
Let w = -49 + 56. What are the prime factors of w?
7
Let u(w) = 6*w + 51. What are the prime factors of u(15)?
3, 47
Let h be 10/15 + (-25)/(-3). Suppose h = 5*s - 8*s. List the prime factors of 3/(-1) - s*4.
3
Let z(n) = 13*n. Let k be z(2). List the prime factors of (4/(-8))/((-1)/k).
13
Suppose 0 = -5*b + 4*b + 4. What are the prime factors of b?
2
Let s = 43 - 31. Let o = -2 - -2. Let z = o + s. What are the prime factors of z?
2, 3
Suppose -504 + 15 = -3*g + 4*x, 3*x = -5*g + 786. What are the prime factors of g?
3, 53
Suppose -4*f = -5*o + 497, -3*o - f + 4*f + 300 = 0. List the prime factors of o.
97
Suppose 17 = -4*h + 257. Suppose 0 = -3*p + h. List the prime factors of p.
2, 5
Suppose -2*h = 2*h - i - 34, -5*h + 5*i = -35. What are the prime factors of h?
3
Let b = 10 - 4. Suppose 0 = -4*l + 5*w + 27, 5*l + w - 40 = b*w. List the prime factors of l.
13
Let u(m) = -4*m + 141. What are the prime factors of u(0)?
3, 47
Let w be (-2)/(-3)*(9 + -3). Suppose 7 = w*q - 57. Let f = 34 - q. What are the prime factors of f?
2, 3
Let r(h) be the first derivative of 2*h**3/3 + h**2 - h + 1. Let i = -2 - 0. List the prime factors of r(i).
3
Suppose 0*c - 156 = -c. Suppose -6*f = -2*f - c. What are the prime factors of f?
3, 13
Let f be (-1)/(10/(-4) + 2). Let s be (-112)/4*f/(-4). Let d = 3 + s. List the prime factors of d.
17
Let q(w) = -w**2 + 12*w + 13. Let v be q(10). Suppose 3*b - v = -3*n, -5*n - 4*b + 0 + 54 = 0. List the prime factors of n.
2, 5
List the prime factors of (26/3)/((-10)/(-15)).
13
Suppose -7*r + 2*r = -140. What are the prime factors of r?
2, 7
Let f be (1 - -1)*9/6. What are the prime factors of 4*-2*f/(-6)?
2
Let r(q) = -q**3 + 3*q - 2. Let h be r(2). Let y be (-12)/(-30) + 24/(-10). Let n = y - h. List the prime factors of n.
2
Let s(v) = -3*v**3 - 15*v**2 - 3*v + 7. What are the prime factors of s(-6)?
7, 19
Suppose 0 = -5*f + 3*o + o + 675, -2*f - o = -270. What are the prime factors of f?
3, 5
Let p = 72 - 41. What are the prime factors of p?
31
Let g(b) = 3*b + 6 - 2 - 2*b. Let o be g(0). Suppose -4*r + 3*n = -30, -o*r - r = 4*n - 22. What are the prime factors of r?
2, 3
Let j = 88 + -29. What are the prime factors of j?
59
Let u = -24 + 22. What are the prime factors of (11 - -32) + u + 0?
41
Let d = -4 + 7. Suppose -4*s - a + 42 = 4*a, d*s + 2*a - 28 = 0. What are the prime factors of s?
2
Let z be (-56)/2 + 1 + -2. Let x = -90 - -130. Let